f. Let z be i(3). List the prime factors of (z/(-25))/((-2)/(-10)).
3
Let i = -85 + 122. What are the prime factors of i?
37
Suppose -w + 3*m = w - 79, 140 = 5*w + 4*m. Suppose -w - 28 = -3*i. Suppose 5*c - i = -0*c. What are the prime factors of c?
2
Let j(p) = -p. Let b(o) = -11*o + 2. Let t(w) = -b(w) + 2*j(w). List the prime factors of t(5).
43
Let u(b) = 3*b**3 + 24*b**2 + 6*b - 4. What are the prime factors of u(-7)?
101
Suppose -g + 4 - 12 = 0. List the prime factors of (5/(-2))/(4/g).
5
Let a be (-2)/(0 + 2) + 8. Suppose -2*r = -a*r + 130. What are the prime factors of r?
2, 13
Let h = 13 + -4. What are the prime factors of h?
3
Let s(d) = -d + 6. Let y be s(6). Suppose -4*r + 0*r + 4 = y. Let q = r - -5. List the prime factors of q.
2, 3
Suppose 0 = -3*x - 9 - 3, x = -3*a + 32. What are the prime factors of a?
2, 3
List the prime factors of (-3 + -112)/5*-1.
23
Let b = -5 + 7. Let x be -51*(-4)/24*2. Suppose b + x = o. List the prime factors of o.
19
Let i(s) = s - 7. List the prime factors of i(14).
7
Let s(o) = -o - 3. Let c be s(-5). Let y be c + (1 - (0 + 1)). Suppose -5*q = -7*m + 2*m - 40, 0 = y*q + 2*m - 12. List the prime factors of q.
7
List the prime factors of 224/(-48)*(-5 - 1).
2, 7
Suppose -12 = 3*d - 6. Let a = 11 - d. What are the prime factors of a?
13
Let x(d) = 7*d**2 - 8*d + 13. Let g(c) = 11*c**2 - 12*c + 20. Let w(r) = -5*g(r) + 8*x(r). What are the prime factors of w(5)?
3
Suppose 2*o - 63 = 5*w, -w + 10 = w. Suppose -5*g + 3*v + 110 = -v, 2*g - v - o = 0. List the prime factors of g.
2, 11
Let u(j) be the first derivative of j**4/4 + 4*j**3/3 + j**2/2 + 3*j - 2. Let v be (12/10)/((-6)/15). List the prime factors of u(v).
3
Let x(t) = t**2 + 2*t - 2. Let a be x(2). Suppose 20 = 5*s - 2*c + a*c, -20 = -5*s - 3*c. What are the prime factors of ((-12)/15)/(s/(-50))?
2, 5
Suppose -360 = -5*u - u. What are the prime factors of u?
2, 3, 5
Let w = 9 - 1. List the prime factors of 2/w - (-335)/20.
17
List the prime factors of (57 - (0 + -1)) + 4.
2, 31
Let a = 5 - 25. Let q be a*4/(-2) - -2. Suppose t + q = 4*t + 3*d, 4*d + 4 = 2*t. List the prime factors of t.
2, 5
Suppose 2*l = 8 - 2. Suppose 5*p - 4*p - 8 = 5*u, l*p - u - 80 = 0. List the prime factors of p.
2, 7
Let y(i) = -4*i - 5. Let n be y(-3). Let s(w) = 0*w**2 + 9*w + 6*w**2 + w**3 - 2*w**3 - 2. List the prime factors of s(n).
2, 3
Let r = 5 - 9. Let n = 14 + r. Suppose -n = 5*k - 30. List the prime factors of k.
2
Suppose 6 = 3*c + 9. Let p be (4/(-2))/(2/(-5)). List the prime factors of ((-20)/25)/(c/p).
2
Let y = -123 + 71. Let l = y + 73. Suppose -7*t - l = -4*j - 2*t, -3*j + 4*t = -15. List the prime factors of j.
3
Let n = 3 + 3. Let u(l) = l - 5*l - 2*l**2 - n + 3*l**2. List the prime factors of u(6).
2, 3
List the prime factors of (64/(-48))/((-4)/354).
2, 59
Let j(x) = 5*x - 6. Let g be -10 - -7 - -9*1. What are the prime factors of j(g)?
2, 3
Let m(b) = b**2 - 2*b - 3. Let t = -6 - -11. What are the prime factors of m(t)?
2, 3
Let c(x) = x**2 - 8*x + 2. Let h be c(6). Let a be (-5)/(h/6) - -2. Suppose 3*o - 4 = a*u, -16 = -5*u + u. What are the prime factors of o?
2
Suppose 0 = 3*w - 6, -5*v - 4*w + 224 = -v. List the prime factors of v.
2, 3
Suppose 3*t = -3*c + 83 + 7, -t + 30 = -c. List the prime factors of t.
2, 3, 5
Let f = 58 - 122. Let l = -45 - f. What are the prime factors of l?
19
Let o(u) be the first derivative of u**4/4 - 7*u**3/3 + 7*u**2/2 + 7*u - 1. List the prime factors of o(6).
13
Suppose 0 = s + o + 1, 4*s = -0*s - 3*o - 3. Let t be 804/10 - 2/5. Suppose -m + 5*m - t = s. What are the prime factors of m?
2, 5
Let h = 9 - 6. Suppose 0 = -h*l - 2*l - 115. Let v = l + 40. List the prime factors of v.
17
Suppose -c + 57 = -u, 6*c - 7*c + 32 = 4*u. What are the prime factors of c?
2, 13
Suppose r - 5*j - 19 = 0, -5*r + 13 + 4 = j. Let z(t) = -3*t - 2. Let h(u) = 2*u + 2. Let c(q) = -4*h(q) - 3*z(q). List the prime factors of c(r).
2
Let f(h) = h**3 - 27*h**2 + 28*h - 30. List the prime factors of f(26).
2, 11
Let w = -88 + 161. What are the prime factors of w?
73
Suppose 0 + 9 = 3*y - 2*d, 5*y - d = 15. Let w(l) = -y + l**2 - 2 - 2*l + 0*l**2. What are the prime factors of w(4)?
3
Let t(i) = -i**2 + 8*i + 9. Let n be t(7). Suppose -5*w = -a - 135, w - 3*a + 3 = n. Suppose 87 = 5*x - 5*j + 7, -j = 3*x - w. List the prime factors of x.
11
Let u(l) = -3*l**3 - 3*l**2 - 2*l + 1. List the prime factors of u(-2).
17
Let i be 4*(-1)/(-4) - -2. Suppose -i*n = -0*n - 81. List the prime factors of n.
3
Let g = -79 + 129. Suppose b - 6*b + 29 = -4*c, -b - 2*c = -17. List the prime factors of 2/b + g/18.
3
Suppose -2*c + 79 + 155 = 0. What are the prime factors of c?
3, 13
Suppose 3*b + 3*n + 24 = 5*n, 8 = -2*b + 4*n. Let f be (-42)/(b/4 + 1). Suppose -f = -5*y - d + 2*d, 0 = 4*y + 2*d - 14. What are the prime factors of y?
5
Suppose -2*o + 5*o - 12 = -z, 21 = 3*z + 4*o. Suppose 0 = -4*g - z*w + 20, -2*w + 3*w + 2 = 3*g. List the prime factors of g.
2
Suppose -5*c + 450 = 5*z - c, 0 = -2*z + 5*c + 147. List the prime factors of z.
2, 43
Suppose -17*r + 22*r = 460. What are the prime factors of r?
2, 23
Suppose -v + 3*o - 1 + 0 = 0, -4*o = -2*v. Suppose v*d - 53 = -3. What are the prime factors of d?
5
Let x = 186 - 94. List the prime factors of x.
2, 23
Suppose l - 9 = p, 0 = -2*p + 3*p + 4. Suppose -28 = -2*z + 2*r, l*z - 5*r = 2*z + 48. List the prime factors of z.
11
What are the prime factors of (-2)/3*(-7 - (176 - -3))?
2, 31
Let p(w) = -w - 2. Let m be p(8). Let q = 19 + m. List the prime factors of q.
3
Suppose c - 6 - 26 = 4*k, -5*k - 40 = -5*c. Suppose a + 4*v = 15, 0 = 2*a - 3*v + 3. Let q = a - k. List the prime factors of q.
11
Let y(b) = -10*b + 2. Let g be y(2). Let z be g/4*(-4)/6. Suppose z*q + 3*m - 4 = 8, -4*q + 5*m + 43 = 0. List the prime factors of q.
7
Let y(l) = -l + 2. Let t be y(-13). Suppose -t + 3 = -i. What are the prime factors of i?
2, 3
Suppose 13 + 3 = 4*g. Suppose 2*o - g*t = 70, -113 = -6*o + 3*o + 4*t. What are the prime factors of o?
43
What are the prime factors of 2*3*(3 - 2)?
2, 3
Let z be 20*18/24*2/3. Suppose 0 = 3*y + 12, s + 3*y - 7*y - 31 = 0. List the prime factors of z/(-3)*(-36)/s.
2
Suppose 5 - 10 = -h. Suppose 0 = h*u - 59 + 19. Suppose -3*m + 5*w + 3 = u, 3*w = -3*m + 27. What are the prime factors of m?
5
Suppose q - 31 = -5*v, -v = -2*v - 4*q + 10. Let a be (-116)/12 - (-4)/v. Let u(i) = -2*i - 9. List the prime factors of u(a).
3
Suppose 139 = 4*t - 201. What are the prime factors of t?
5, 17
Suppose 3*g = 34 + 29. What are the prime factors of g?
3, 7
Let t(g) = -g + 2*g + 5*g**2 - 8*g - 6*g**2. Let j be (-2 + 3)*-6 + 0. What are the prime factors of t(j)?
2, 3
Suppose -6*n = -4*n - 40. List the prime factors of n.
2, 5
Suppose 22 = -2*d + 5*f + 7, -d + 4*f = 12. Suppose d = 3*v + 1 - 10. What are the prime factors of (5 + -4)*3*v?
3
Suppose s + 0*s - 7 = 0. Suppose -s*p + 2*p = -200. What are the prime factors of p?
2, 5
Let w(t) = -6*t. Let p be w(1). Let o(k) = 3*k + 4. Let j(m) = 16*m + 20. Let v(a) = 2*j(a) - 11*o(a). List the prime factors of v(p).
2
Let t(r) = 4*r**3 + 12*r**2 + 14*r - 6. Let p(a) = -5*a**3 - 13*a**2 - 15*a + 5. Let j(k) = -5*p(k) - 6*t(k). Let l = 6 + 2. What are the prime factors of j(l)?
3
Let y be (1 + -6)*(-35)/25. Suppose -3*d = -2 - y, 0 = 4*v - 2*d - 10. What are the prime factors of v?
2
Let s = 9 + -6. Suppose x + 10 = -s*t, -5*x - 2*t = -2*x + 2. Suppose -2*w - 2*m = -28, x*m - 52 = -w - 3*w. List the prime factors of w.
2, 3
Let a = 13 - 29. Let f = 6 - a. List the prime factors of f.
2, 11
Let x = -87 + 174. What are the prime factors of x?
3, 29
Suppose 6*s + 4*o = 3*s - 12, -4*s - 4*o - 12 = 0. Suppose d + 9 = -s*d + 5*y, 0 = -d - y + 9. Suppose 0 = -c + d. List the prime factors of c.
2, 3
Let o(b) = -b**3 - b**2 + 2. Let x be o(0). Let y be 2/(5/((-35)/x)). Let k(w) = w**3 + 8*w**2 + 6*w - 1. List the prime factors of k(y).
2, 3
Suppose -3*d + 2398 = -122. Let u be d/32 + (-3)/(-4). Suppose 48 + u = 5*g. What are the prime factors of g?
3, 5
Suppose 8*v - 4*v + 204 = 0. Let i = v + 86. What are the prime factors of i?
5, 7
Let l(y) = -y**3 - 7*y**2 - 4*y + 7. Let z be l(-7). Let g be (z/10)/((-2)/(-8)). Suppose 2*u - g = 2*s, 0 = 3*u - 0*s - s - 23.